 (-1)/(-6) + 20/24. Let h be s(g). What is the tens digit of 2 - 36*h/(81/30)?
2
Suppose 154*b + 44*b - 9121464 = 0. What is the thousands digit of b?
6
Suppose -2*o + 2*v = -7028, 6*o - 7028 = 4*o - 2*v. Suppose o = 4*q + 5*d, 4*d + 2848 = 5*q - 1524. What is the hundreds digit of q?
8
Suppose 26 = 2*b + 16. Suppose -b*y - 290 = 5*l, 3*y = 3*l + 95 + 73. Let f = 207 + l. What is the hundreds digit of f?
1
Suppose 0 = -9*b + 7630 - 736. Suppose 2*x = -2*u + b, u + 2*x + 0*x = 386. What is the hundreds digit of u?
3
Suppose 0 = -2*d + 3*t + 348, -t = -2*d + 331 + 21. Let x = -316 + d. Let g = -9 - x. What is the tens digit of g?
3
Let w(l) = -l**2 + 12*l + 11. Let y be w(8). Suppose 3*t + 3*d = 30, 5*t = -d + 3*d + y. Let i(z) = z**3 - 9*z**2 + 11*z - 17. What is the tens digit of i(t)?
8
Let k = -29 + 13. Let i be (k/(-12))/((-4)/(-18)). Suppose 4*y - 126 = -i*o + 5*o, 0 = -2*o - 4*y + 252. What is the units digit of o?
6
Let h(f) = -102*f**3 - 3*f**2 - 5*f - 8. Suppose -t + 23 = -5*m, -4*t + 5*t = -5*m - 27. What is the tens digit of h(t)?
0
Let v be 4/(8/2)*(-2 - 1). Let x be -6*(v + 4)*2/(-3). Suppose -235 = -x*i - l + 77, -l = -i + 83. What is the tens digit of i?
7
Let a = 283 + 172. Let v = -144 + a. What is the units digit of v?
1
Let c(h) = 97*h**2 + 3*h + 687. What is the thousands digit of c(-30)?
7
Let w be -2 + 1495/10 + 1/2. Let d = -147 + w. What is the units digit of d?
1
Suppose -7107 = -4*d - 5*p, 2*p + 1 = -1. Suppose -3*r - 221 = -d. What is the units digit of r?
9
Let y = -1982 + 7513. What is the thousands digit of y?
5
Let k(v) = v**2 - 11*v + 38. Suppose -111 + 1 = -10*x. What is the units digit of k(x)?
8
Let s = -1 + 258. Suppose 9 = 3*c, 11*c = 5*m + 7*c - 233. Suppose a = -m + s. What is the units digit of a?
8
Let i(x) = x**3 - 47*x**2 + 93*x - 18. Let p be i(45). Let h = 750 - p. What is the hundreds digit of h?
6
Suppose -252736 = -5*o + z, o + 4093 = -5*z + 54661. What is the thousands digit of o?
0
Let r be ((-4)/(-2))/(-6) - (-30)/9. Let y(h) = -h**2 + 9*h - 15. Let c be y(r). What is the tens digit of -20*(c - (-4 - -11))?
8
Let x = -24 - -26. Let d be 9/(-36) + (-254)/8. What is the hundreds digit of x/d*4 + (-978)/(-8)?
1
Let y(f) = 63 - 29 - 6 + 8 - 71*f. What is the units digit of y(-19)?
5
Let g(t) = -2*t + 4. Let y = -16 + 17. Let r be g(y). What is the units digit of 1 + 240/2 + r?
3
Let l(c) = 9 + 1 - 3 - 10*c - 21*c. Suppose -19*z = -4*z + 45. What is the hundreds digit of l(z)?
1
Suppose -372480 = -11*k + 38645. What is the thousands digit of k?
7
Suppose 1683*q + 24080 = 1697*q. What is the tens digit of q?
2
Let f(w) = -1. Let k(j) = 2*j + 2. Let s(t) = -8*f(t) - k(t). Let h be s(2). Suppose -5*z = -4*u + h*u + 68, -132 = -5*u + 3*z. What is the tens digit of u?
2
Let x(z) = -12*z - 11*z + 7 + 37*z - 16*z. Let s be x(-7). What is the units digit of 670/21 + 2/s?
2
Let g(f) be the third derivative of 5*f**4/24 - 2*f**3 + 21*f**2. Let y be g(3). Suppose -3042 = -15*n - y*n. What is the hundreds digit of n?
1
Suppose -35*r - 294 + 1554 = 0. Let f(d) = -d**3 + 38*d**2 - 36*d + 28. What is the units digit of f(r)?
4
Let u(x) = 7*x + 11. Let b be u(-1). Suppose 8 = -b*f, -3*f = -o + 1036 - 58. What is the units digit of o?
2
Let w be (-32)/8 - -4*2. Suppose 3*u = -2*b + 466, 688 = -b + w*b - u. What is the hundreds digit of b?
2
Suppose 2*o + 19 = 3*j - 0*o, 0 = 4*j + 2*o - 2. Let r(k) = 25*k + 44. Let x(h) = 26*h + 53. Let l(u) = 5*r(u) - 4*x(u). What is the tens digit of l(j)?
7
Suppose 2*l + 3*t = 5*l - 26907, -5*l - 4*t + 44854 = 0. What is the units digit of l?
0
What is the units digit of ((-118131)/(-117))/(-3*(-3)/54)?
8
Suppose 4 = 8*k - 20. Let o be 1*(1 - (-5 - -2)). Suppose k*m = r + 52, -r + 6 = o*m - 68. What is the tens digit of m?
1
Suppose 4*v = -j + 16246, -4*v + 8*j = 5*j - 16254. What is the tens digit of v?
6
Let a(n) = n + 4*n + 11 - 32 - 5*n + 25*n**2 - 4*n. What is the hundreds digit of a(-6)?
9
Let r(c) = 0*c**2 + 18*c + 6*c**2 - 2*c - 5. Let h be (102/68)/(2/(-4)) - 4. What is the tens digit of r(h)?
7
Let s = 694 - 285. Suppose 4*r + s = 4113. What is the tens digit of r?
2
Suppose -4813796 - 1709544 = 34*z - 156*z. What is the thousands digit of z?
3
Let a be -603 + ((-27 + -3)/5 - -12). Let f = 900 + a. What is the tens digit of f?
0
Let g(k) = -2028*k + 6055. What is the thousands digit of g(-12)?
0
Suppose -474 = 12*b - 17*b + k, -3*k + 383 = 4*b. Let d = b + 24. What is the tens digit of d?
1
Let i(x) = -4*x**2 - 18*x - 22. Let s be (-28)/(-12) - 3 - (-22)/(-3). Let p be i(s). Let m = p + 268. What is the hundreds digit of m?
1
Let p be (3 + -2)/(-5 + 18/4). What is the tens digit of (-2*193/1*1)/p?
9
Let j be (-10)/(-30)*(-1 - -1). Suppose -3*s = d - j*d - 237, 0 = s. What is the hundreds digit of d?
2
Suppose -33*f = -82 + 16. Suppose -4*h = y - 1109, f*h + h + 3*y - 843 = 0. What is the hundreds digit of h?
2
Suppose 2*b - 258 = 8*n - 3*n, 0 = 5*b + 3*n - 645. Let u = b + -32. What is the tens digit of u?
9
Let n be 15/(-6)*(-2 - 0). Suppose n*i + 54 = 11*i. Let x = 34 - i. What is the units digit of x?
5
Let g = 10 - -1167. Let v = 18 - 18. Suppose -16*q + 295 + g = v. What is the tens digit of q?
9
Let f(q) = -5*q + 208. Let n be f(-4). Suppose o - 907 = n. What is the units digit of o?
5
Let h be (3 + 24/(-9))*6. Suppose -2*t - 16 = -3*u - h*u, 0 = 4*t - 8. Suppose -12 = -f + 4*n, 61 - 169 = -u*f + 4*n. What is the units digit of f?
2
Suppose 0 = -2*r - i + 9, 2*i = 12 - 2. Suppose r*z - 4*x - 86 = 0, -2*z + 119 - 12 = 3*x. What is the units digit of z?
9
Suppose 53*m - 3932 + 25450 = 0. Let u = 33 - m. What is the tens digit of u?
3
Let m(v) = 467*v - 9. Let r be m(2). Let u = r - 518. What is the units digit of u?
7
Suppose 9*j + 10793 = 102350. What is the units digit of j?
3
Let d = 140 - 225. Let m = d + 237. What is the units digit of m?
2
Suppose 501*t - 10188 = 495*t. Suppose 583 - t = -o. What is the thousands digit of o?
1
Let n be (1255/(-15))/(6/(-162)). Suppose -1062 = -9*c + n. What is the hundreds digit of c?
3
Suppose 22*h = 16*h - 36. Let d be (h/(-2))/(12/(-104) - 0). What is the units digit of 0 + (-1746)/d + 2/(-13)?
7
Let k = 69330 + -46207. What is the tens digit of k?
2
Let m(g) = -66*g - 80. Let i be -1 - (5 - 7)*(0 - 2). What is the units digit of m(i)?
0
Suppose -4*l + 83961 = -l. Suppose 0 = 33*z - 18906 - l. What is the tens digit of z?
2
Suppose 381*c - 20355830 = -224*c. What is the units digit of c?
6
Let z = -1142 + -273. Let s = 2011 + z. What is the tens digit of s?
9
Suppose s = z - 625, 3*s - 4*s - 5*z - 601 = 0. Let c = -425 - s. Suppose 4*m - c = -2*j, -3*m + 0*m + j = -152. What is the tens digit of m?
5
Let g(f) = -4*f**3 - 5*f**2 - f - 4. Let a be g(3). Let v = -69 - a. Suppose -2*o + 115 + v = 0. What is the tens digit of o?
0
Let k(f) = f**2 - 23*f + 134. Let w be k(11). Suppose w*g - 6*v = -v + 171, 0 = g - v - 84. What is the units digit of g?
3
Suppose -10*j + 30 + 690 = 0. Suppose -j*b - 214 = -73*b. What is the hundreds digit of b?
2
Let h(o) be the first derivative of 12*o**2 - 24*o + 1. Let y be h(7). Suppose y = -l + 3*l. What is the tens digit of l?
7
What is the units digit of (-7413)/(-1 + (-56)/7 - -8)?
3
Let h(r) = r**3 + 10*r**2 + r + 3. Let l be h(-4). Suppose 350 = 5*a - l. Let c = 147 - a. What is the units digit of c?
8
What is the hundreds digit of (-462)/35*((-1079)/2 + 2)?
0
Let p(n) be the third derivative of -n**6/120 - 2*n**5/15 - 5*n**4/24 - 3*n**3 + 3*n**2. Let l = -1087 + 1078. What is the tens digit of p(l)?
0
What is the tens digit of (-66)/(-24) + (-3788054)/(-184)?
9
Let x(f) = 9*f - 125. Let p be x(23). Suppose 81*c + 286 = p*c. What is the tens digit of c?
8
What is the hundreds digit of (-850 - 29)/((-1)/4)?
5
Let h = 29047 + -17107. What is the tens digit of h?
4
Suppose 0 = 102*h - 100*h + 6, -h - 14568 = -3*i. What is the hundreds digit of i?
8
Let s be -1*428/20 - (-3)/(-5). Let h = -7 - s. What is the tens digit of h?
1
What is the thousands digit of (-411)/(-2)*((-9)/2)/(1134/(-2520))?
2
Let o(d) = -d**2 + 3*d + 6. Let z be o(3). Suppose 2 = -z*t - 4. What is the tens digit of ((-4)/t + -1)/(6/296)?
4
Suppose 24*r = 3240 + 4728. Let w = -233 + r. What is the units digit of w?
9
Su